6*n. Let b be n + 6*(-2)/(-4). Let r be 61*1 - (b + -3). Calculate the greatest common factor of r and 9.
9
Let m(u) = -u**3 + 10*u**2 - 7*u - 2. Let y be m(8). Suppose -84 = -2*g - g. Calculate the highest common divisor of g and y.
14
Let b = 50 - 40. Let k be 1/(-2) + 7/2. Let f be 6/k - (0 - 68). What is the highest common factor of f and b?
10
Let h be (-9 - -10) + 1 + -3. Let x be (11/3)/(h/(-6)). Calculate the greatest common factor of x and 22.
22
Let b = -47 - -179. Suppose -3*x - 18 = -y, -3*y + 5*x = 2*y - 70. What is the highest common divisor of b and y?
12
Let r be 7/14 + 46/4. Suppose -3*l = l + 572. Let h = l - -239. What is the greatest common factor of r and h?
12
Let q(b) be the first derivative of b**2 - 2*b + 1. Suppose 0 = -0*r - 4*r + 16. Let l be q(r). What is the greatest common divisor of l and 4?
2
Suppose -4*s - 3*f + 5*f + 28 = 0, 0 = 5*s + 3*f - 24. Calculate the greatest common divisor of s and 48.
6
Suppose 0 = -l + 2 - 6. Let k be (l/(-1))/((-1)/(-6)). What is the greatest common divisor of k and 16?
8
Let r be 9/(-6)*(-6)/9. Let t be (r + 4)/(-1 + 2). Let l be 2/t + (-126)/(-10). Calculate the highest common divisor of 104 and l.
13
Let x(b) = -6*b - 1. Let v be x(-1). Suppose d + 14 = v*q - 3, 4*q - 22 = 5*d. Suppose j - 36 = -3. What is the greatest common divisor of q and j?
3
Let f be (-2)/5 + 46/(-10). Let p = -3 - f. What is the greatest common factor of p and 14?
2
Let r(n) = n + 7. Let l = -12 - -7. Let w be r(l). Let s be -18*((-4)/2)/w. What is the highest common divisor of 3 and s?
3
Suppose 3*v + 0*v = -81. Let j be 22/18 - (-6)/v. Let u = -7 + 16. What is the greatest common divisor of u and j?
1
Let g be 1 + 1 + 2*3. Let j(m) = -3*m + 2. Let s be j(-7). Let a = s - 15. What is the greatest common factor of a and g?
8
Let y = -48 - -61. Suppose 2*l + 0*l = -6. Let s(d) = -4*d + 1. Let a be s(l). Calculate the greatest common factor of a and y.
13
Let i(h) be the first derivative of -h**3/3 + 3*h**2/2 + 5*h + 6. Let m be i(3). What is the highest common divisor of 20 and m?
5
Suppose 23 = 2*z - 1. Let f = z + -11. What is the greatest common divisor of 11 and f?
1
Let r(q) = 4*q**2 - 4*q + 2. Let f be r(2). What is the greatest common divisor of 4 and f?
2
Let v be 5/2*12/10. Suppose 2*k + 0 = 4, -k = v*n - 68. Calculate the greatest common divisor of 44 and n.
22
Let x = -13 - -99. Suppose -3*z + x = 14. What is the highest common factor of z and 8?
8
Let m(l) = -6*l + 2. Let b be m(0). Calculate the highest common divisor of b and 3.
1
Let v(u) = -u**3 - 2*u**2 + 4*u + 6. Let t be v(-4). Let y = t + -13. Calculate the greatest common factor of y and 6.
3
Suppose -p - 8 = -5*p. Suppose 0 = -k + 1 + 1. Let y be (1 - 0)*12/k. What is the greatest common divisor of p and y?
2
Suppose l = -l + 40. Let n = 82 + -62. Calculate the greatest common factor of l and n.
20
Let z = 56 + -12. What is the highest common factor of 11 and z?
11
Let o be 2/(-6) + 80/15. Suppose -15 = -5*x - 3*d, -o*x = -3*d - 8 - 7. What is the greatest common divisor of x and 15?
3
Let y = -17 - -32. What is the greatest common divisor of y and 165?
15
Let f(q) = -15*q**3 - 3*q**2 - q + 2. Let a be f(-2). What is the highest common divisor of a and 16?
16
Let o(h) = -h**2 + 5*h + 12. Let m be o(6). What is the greatest common divisor of 4 and m?
2
Let c(j) = -j**3 - j**2 + 7*j + 4. Let r be c(-4). Suppose -147 = -3*l + 33. What is the greatest common factor of l and r?
12
Let x be -50*(-1)/(1/1). Suppose 0 = 9*h - 294 - 831. What is the greatest common divisor of x and h?
25
Let t = 625 - 425. Suppose 12*q = 14*q - 50. Calculate the highest common divisor of q and t.
25
Let v(x) = -x**3 + 6*x**2 - 3*x - 7. Let k be v(5). Suppose -3*i + 3 = 0, 4 = q + 3*i - k. What is the greatest common factor of q and 4?
4
Suppose -2*b = u + 2*u - 35, -3*u + 45 = -3*b. What is the highest common factor of u and 91?
13
Let o(h) = 2*h**2 + 24*h - 52. Let r be o(-15). Calculate the highest common factor of 95 and r.
19
Let z be (1/1)/(5/110). What is the highest common divisor of 33 and z?
11
Let b = -19 + 38. Suppose -3*u + 247 = 76. Calculate the highest common divisor of b and u.
19
Let a(u) = u**2 + 2*u - 4. Let i be a(6). What is the highest common factor of i and 4?
4
Suppose -4*s - 1401 = 5*q, 5*q - 3*s + 1397 = -6*s. Let z = -117 - q. Calculate the highest common divisor of z and 20.
20
Let x = -27 + 62. What is the greatest common divisor of 14 and x?
7
Let x(b) = -3*b + 72. Let n be x(12). What is the highest common factor of n and 24?
12
Let n = 229 + -133. Calculate the greatest common factor of n and 72.
24
Let l be 1/(-3) + 4/12. Let a be l + (-2 - -3) + 6. Let d = 23 - -54. Calculate the highest common divisor of d and a.
7
Suppose 2*i = -0*i. Let b(d) = -d + 7. Let p be b(i). What is the greatest common divisor of p and 14?
7
Suppose 5*n = 2*r - 10, r - 4*n + 3*n - 11 = 0. Suppose y + 3 - 5 = 0. Let c = r + y. Calculate the highest common factor of 34 and c.
17
Suppose 0 = -12*v + 1299 + 33. Calculate the highest common divisor of v and 74.
37
Suppose 6 = -5*r + 8*r. Suppose -g - 27 = -r*g. What is the highest common divisor of g and 189?
27
Let z be (-2502)/(-24) - 4/16. What is the greatest common factor of z and 26?
26
Let p be (1/(-3))/((-2)/132). Let x = 38 - p. Calculate the greatest common factor of x and 16.
16
Let j(z) = z**3 + 23*z**2 - 23*z + 30. Let p be j(-24). Calculate the highest common divisor of 4 and p.
2
Suppose 4*n = -a + 363, -4*a = 2*n - 139 - 53. What is the highest common factor of n and 36?
18
Let i be (-40)/(-22) + -3 + (-105)/(-33). Suppose 3*d = 4*m - 71, 5 = -2*d + d. Calculate the greatest common factor of m and i.
2
Suppose -2*c + 61 = -h, h + 157 = c + 4*c. What is the greatest common divisor of c and 8?
8
Let r(j) = -3*j - 20. Let s be r(0). Let h = -12 - s. Let b be 4/(-14) - (-1800)/28. What is the greatest common divisor of b and h?
8
Let l = 10 + 5. Calculate the greatest common factor of l and 5.
5
Suppose -3*u + 0 = -48. What is the highest common divisor of 32 and u?
16
Suppose -9 = 2*h - 5*d, -h = -3*h - 2*d + 26. Suppose -2*k + h = 2. Calculate the greatest common divisor of k and 1.
1
Suppose 3*z = -7*z + 120. What is the greatest common factor of z and 9?
3
Suppose -4*l - 9 = -81. What is the highest common divisor of 9 and l?
9
Let k = 5 + -5. Suppose 0 = p + 5*q - 2*q - 17, -5*p + 5*q - 15 = k. What is the greatest common factor of 16 and p?
2
Let y = -1 - -1. Let i be y*(-1 - 0)/(-1). Suppose i*m - 5*m = -50. What is the highest common factor of m and 10?
10
Suppose 4*u + 5*a - 115 = -u, 3*a + 123 = 5*u. What is the highest common factor of 36 and u?
12
Let l(f) = -2*f. Let q be l(5). Let s = -16 - q. Let m be (-3)/(s/(-20))*-8. What is the highest common divisor of 10 and m?
10
Let s be 407/22 + (-2)/(-4). Calculate the greatest common factor of 95 and s.
19
Let v be (-234)/(-7) - (-24)/42. What is the highest common divisor of 51 and v?
17
Let o = -1 + -2. Let y = 6 + o. Suppose y*k - 8 = -k. What is the greatest common factor of 1 and k?
1
Suppose 0 = -0*u + u - 3*f + 22, -f = -5*u - 82. Let l = 20 - u. Let c(m) = m**2 + 4. Let d be c(0). What is the greatest common factor of d and l?
4
Let z = 4 - 1. Suppose 2*m = -z*a + 65, -a + m = 5*m - 35. What is the greatest common factor of 171 and a?
19
Suppose 4*r + 0*r - 112 = 0. Let c(g) = -23*g + 1. Let p be c(-3). What is the greatest common factor of p and r?
14
Let v(s) = 3*s**2 + 11*s + 4. Let k be v(-5). What is the greatest common factor of k and 48?
24
Let r = -3 + 5. Let s(o) = 7*o - 1. Let x be s(1). Suppose -x*i + r*i + 29 = 5*l, 3*i + 2 = l. Calculate the highest common divisor of i and 1.
1
Suppose 0 = -a + 2*a - 8. What is the highest common divisor of 32 and a?
8
Let l be ((-198)/(-8))/((-2)/(-8)). What is the greatest common factor of l and 9?
9
Suppose -4 = -n + 4. Suppose 12*u - 15*u = 0. Suppose u = -5*j + j + 4. Calculate the greatest common divisor of j and n.
1
Let k = -76 - -150. Let x be (-2)/7 + k/14. What is the highest common divisor of 30 and x?
5
Suppose u = g + 13 + 14, -4*g + 42 = u. Let t be u + -6*1/(-2). Calculate the greatest common divisor of 22 and t.
11
Let j(v) = 97*v - 2. Let n be j(1). Let c 